79?
0
What is the millions digit of 41262400?
1
What is the tens digit of 512740061?
6
What is the tens digit of 2387864811?
1
What is the ten thousands digit of 1271808885?
0
What is the ten thousands digit of 719772803?
7
What is the thousands digit of 412802672?
2
What is the hundred millions digit of 172424899?
1
What is the units digit of 3181542938?
8
What is the ten thousands digit of 56504707?
0
What is the hundreds digit of 2352140974?
9
What is the ten millions digit of 307613219?
0
What is the tens digit of 124652166?
6
What is the millions digit of 92487213?
2
What is the tens digit of 524108402?
0
What is the units digit of 328348405?
5
What is the hundred millions digit of 154950120?
1
What is the hundreds digit of 140252887?
8
What is the hundred millions digit of 537695111?
5
What is the units digit of 17178672?
2
What is the hundred millions digit of 1651031063?
6
What is the thousands digit of 226457610?
7
What is the units digit of 677081941?
1
What is the thousands digit of 682038187?
8
What is the ten thousands digit of 2575210?
7
What is the ten thousands digit of 712868730?
6
What is the units digit of 536238598?
8
What is the ten millions digit of 125466600?
2
What is the millions digit of 158107997?
8
What is the ten thousands digit of 692810653?
1
What is the ten millions digit of 2372624696?
7
What is the tens digit of 964306557?
5
What is the units digit of 1455370564?
4
What is the hundreds digit of 2188583357?
3
What is the millions digit of 75506697?
5
What is the ten millions digit of 427958741?
2
What is the ten thousands digit of 1646234313?
3
What is the thousands digit of 5117205071?
5
What is the thousands digit of 86184323?
4
What is the tens digit of 172632109?
0
What is the hundreds digit of 2364944604?
6
What is the hundred thousands digit of 607099712?
0
What is the units digit of 788048952?
2
What is the hundreds digit of 282476815?
8
What is the millions digit of 2592377346?
2
What is the hundred thousands digit of 951640438?
6
What is the millions digit of 953667002?
3
What is the millions digit of 129648715?
9
What is the hundred millions digit of 235222438?
2
What is the ten millions digit of 296616503?
9
What is the hundred thousands digit of 65743724?
7
What is the units digit of 611913729?
9
What is the hundreds digit of 2805899026?
0
What is the hundred millions digit of 1502005689?
5
What is the ten millions digit of 249075135?
4
What is the billions digit of 1330688890?
1
What is the hundred thousands digit of 822940776?
9
What is the millions digit of 50840898?
0
What is the hundreds digit of 1995199?
1
What is the thousands digit of 204270105?
0
What is the thousands digit of 76010817?
0
What is the hundred thousands digit of 2793349926?
3
What is the hundreds digit of 251275524?
5
What is the hundred millions digit of 4445764059?
4
What is the hundred thousands digit of 130173110?
1
What is the ten millions digit of 86629665?
8
What is the billions digit of 1141945384?
1
What is the hundreds digit of 19593355?
3
What is the hundreds digit of 214396062?
0
What is the units digit of 842728677?
7
What is the millions digit of 1882639110?
2
What is the tens digit of 286191229?
2
What is the units digit of 45024053?
3
What is the hundred thousands digit of 1394938814?
9
What is the billions digit of 4122986564?
4
What is the tens digit of 37287659?
5
What is the thousands digit of 136059043?
9
What is the millions digit of 931310561?
1
What is the tens digit of 90388287?
8
What is the hundred thousands digit of 1044204178?
2
What is the millions digit of 166498500?
6
What is the units digit of 37044406?
6
What is the millions digit of 83974303?
3
What is the thousands digit of 6229663733?
3
What is the thousands digit of 1314702824?
2
What is the units digit of 394894339?
9
What is the ten thousands digit of 1924005869?
0
What is the millions digit of 15806389?
5
What is the ten thousands digit of 1917820?
1
What is the ten millions digit of 219574058?
1
What is the hundred thousands digit of 249447541?
4
What is the ten thousands digit of 43848199?
4
What is the hundreds digit of 24103080?
0
What is the ten thousands digit of 185550515?
5
What is the millions digit of 779412830?
9
What is the hundreds digit of 1044135597?
5
What is the thousands digit of 22400608?
0
What is the hundreds digit of 154028500?
5
What is the hundreds digit of 405888537?
5
What is the units digit of 535695397?
7
What is the units digit of 20372150?
0
What is the tens digit of 7684983611?
1
What is the millions digit of 159795081?
9
What is the thousands digit of 2809678940?
8
What is the hundreds digit of 69595293?
2
What is the hundreds digit of 2773123392?
3
What is the ten millions digit of 226316747?
2
What is the billions digit of 1045449200?
1
What is the tens digit of 36729060?
6
What is the hundreds digit of 178574338?
3
What is the hundreds digit of 88609597?
5
What is the thousands digit of 14095152?
5
What is the units digit of 20695737?
7
What is the ten thousands digit of 37754?
3
What is the hundred thousands digit of 80783184?
7
What is the units digit of 96525269?
9
What is the units digit of 66862013?
3
What is the ten millions digit of 36209319?
3
What is the ten millions digit of 949764707?
4
What is the billions digit of 5888867849?
5
What is the ten millions digit of 237379691?
3
What is the units digit of 45087913?
3
What is the hundred thousands digit of 219895906?
8
What is the hundred thousands digit of 39711791?
7
What is the units digit of 42712059?
9
What is the ten millions digit of 330921114?
3
What is the hundred millions digit of 8170531876?
1
What is the hundred millions digit of 875779145?
8
What is the units digit of 226436797?
7
What is the thousands digit of 1623923918?
3
What is the hundred thousands digit of 2982213856?
2
What is the millions digit of 30275581?
0
What is the ten millions digit of 87597684?
8
What is the tens digit of 323748433?
3
What is the ten thousands digit of 179772335?
7
What is the ten millions digit of 1202803743?
0
What is the ten thousands digit of 250099975?
9
What is the tens digit of 7054671?
7
What is the ten thousands digit of 1497042739?
4
What is the hundred thousands digit of 863156379?
1
What is the thousands digit of 66057440?
7
What is the tens digit of 110273552?
5
What is the ten thousands digit of 162906160?
0
What is the thousands digit of 352222549?
2
What is the ten thousands digit of 1191639001?
3
What is the thousands digit of 40799335?
9
What is the tens digit of 107220381?
8
What is the tens digit of 2857207?
0
What is the thousands digit of 5047772405?
2
What is the ten thousands digit of 45251140?
5
What is the ten millions digit of 90188432?
9
What is the tens digit of 286371774?
7
What is the ten thousands digit of 587001182?
0
What is the millions digit of 2260079351?
0
What is the millions digit of 5593475679?
3
What is the hundreds digit of 36068359?
3
What is the ten thousands digit of 51904952?
0
What is the ten millions digit of 95548266?
9
What is the thousands digit of 5069697620?
7
What is the ten millions digit of 63124428?
6
What is the hundreds digit of 1480599974?
9
What is the tens digit of 266948303?
0
What is the ten millions digit of 20721782?
2
What is the tens digit of 470647200?
0
What is the thousands digit of 155445708?
5
What is the units digit of 3427778371?
1
What is the thousands digit of 524329345?
9
What is the millions digit of 527941337?
7
What is the hundreds digit of 179367145?
1
What is the hundreds digit of 4227938964?
9
What is the ten millions digit of 421404302?
2
What is the tens digit of 22444140?
4
What is the millions digit of 49381189?
9
What is the hundred thousands digit of 5199234?
1
What is the units digit of 78682013?
3
What is the ten thousands digit of 317351357?
5
What is the thousands digit of 664994003?
4
What is the billions digit of 5888902900?
5
What is the thousands digit of 38078215?
8
What is the hundred thousands digit of 3265205004?
2
What is the hundred thousands digit of 115512769?
5
What is the units digit of 9627725?
5
What is the units digit of 17943424?
4
What is the ten millions digit of 725335377?
2
What is the millions digit of 644129827?
4
What is the 